-8 - -5. Is x(f) a composite number?
False
Let t be (2/(-3))/(4/(-12)). Suppose -t*m = -m - 141. Is (m - -3) + (-1)/(-1) a composite number?
True
Suppose -5*c - 20 = -r - 2*c, 5*r + 4*c = 5. Suppose 2*k = -i - 0*i + 1, r*i - 50 = 5*k. Let d = i - -2. Is d prime?
False
Is ((-11)/(-2))/(10/100) composite?
True
Let h(i) = -i**3 - i**2 - i - 4. Let m be h(0). Let f = 8 + m. Suppose 195 = f*v - 3*p, v = -2*p + 52 + 5. Is v prime?
False
Let g = 701 + -399. Let o = -145 + g. Is o a composite number?
False
Let m(l) = 5*l**2 - 3*l - 3. Let j(a) = -4*a**2 + 3*a + 4. Let z(u) = -4*j(u) - 3*m(u). Is z(6) composite?
False
Let r(b) = -197*b - 5. Is r(-3) a prime number?
False
Suppose 5*w + 17 = -q, 8 = -4*q - 7*w + 2*w. Suppose q*n + 15 = -5*x - 3, n = 2*x - 6. Is 25 + (0 - n/(-2)) a composite number?
True
Let k(u) = u**2 - 5*u + 2. Let c be k(4). Let w = -6 + 12. Is (c - -5)/(w/20) a composite number?
True
Let j = -1055 - -2098. Suppose 5*s - j = -3*z, -3*s + 4*z + z + 653 = 0. Is s a composite number?
False
Suppose 5*j = 2*l - 227, -4*l + 167 + 326 = 3*j. Is l a prime number?
False
Suppose n - 2*r = -n + 718, 4*r - 1056 = -3*n. Suppose -267 = -2*a - a - 5*z, n = 4*a + 2*z. Is a composite?
False
Let t(h) be the second derivative of h**5/10 - 2*h**4/3 - h**3/3 - 9*h**2/2 - 4*h. Is t(8) a prime number?
True
Suppose 5*v + 309 = 6*v. Is v prime?
False
Let h be (-130)/(-3) - 1/3. Suppose 4*j - 211 = -h. Suppose 0 = -2*o + 28 + j. Is o prime?
False
Let w(a) = 22*a + 7. Is w(16) a prime number?
True
Let a be 2/3 + 34/(-6). Let w = 90 + a. Is w prime?
False
Suppose 4*m + 3250 - 9110 = 0. Is m composite?
True
Let s be (8/6)/((-1)/3). Let l = -1 - s. Suppose 4*w - l*c - 149 = 0, -3*w = -5*c + 20 - 140. Is w a prime number?
False
Let v(u) = u**3 - 17*u**2 - 37*u + 32. Is v(19) prime?
False
Let t = -471 + 790. Is t composite?
True
Let q be 5/(-10) + 11/2. Suppose q*p - 4*p = -5*y + 115, -2*y = -p + 115. Is p a prime number?
False
Let d(h) = h**3 + 7*h**2 - 7*h + 8. Suppose 3*w - 5*w - 16 = 0. Let b be d(w). Let i = b + 11. Is i composite?
False
Let k(b) = -b + 1. Let l be -1*3/(9/15). Let c(x) = -19*x - 4. Let o(f) = l*k(f) + c(f). Is o(-7) a prime number?
True
Let u(y) = -3*y**3 + 2*y**2 + 2*y + 4. Let a(g) = -7*g**3 + 3*g**2 + 5*g + 7. Let q(m) = 2*a(m) - 5*u(m). Let r(z) = -z + 1. Let l be r(-4). Is q(l) prime?
True
Suppose p - 3*p + 2 = 0, -2 = 2*s - 2*p. Let l = 0 + s. Is (0 + (47 - l))/1 composite?
False
Is (204/8)/(2/4) a prime number?
False
Suppose -4*j - j + 25 = 0. Suppose 5*a + 5*z - 130 = 0, -j*a - 5*z + 114 = -4*z. Is a a composite number?
True
Let p = 185 - 118. Is p composite?
False
Let m(c) = -15*c + 20. Let j(a) = -5*a + 7. Let p(f) = 17*j(f) - 6*m(f). Is p(8) composite?
True
Let o(h) = -2*h**3 - 3*h**2 - h - 1. Let g be o(-2). Suppose -g*q = -86 - 9. Is q prime?
True
Suppose 0 = -3*d - 0*d. Suppose 12 = 3*y - d*y. Is y + (-4 + 1 - -2) composite?
False
Let i(w) = 15*w**2 - 7*w - 1. Is i(-12) a prime number?
True
Let n = 420 + -211. Is n composite?
True
Suppose 258 = -2*r + 4*r. Suppose y - r = -2*y. Is y a composite number?
False
Is (-3)/6*6 - 1 - -8063 a composite number?
False
Let k(x) = 21*x + 6. Is k(3) prime?
False
Is ((-46)/(-6))/(-7 + (-16552)/(-2364)) a composite number?
True
Suppose -7 = -h - 2. Suppose -h*k = 5*t - 195, 0 = -2*t - 0*t + 3*k + 68. Is t a composite number?
False
Let o(a) = -6 + a**2 - 2*a - a - 5*a. Let c be 40/6*(-3)/(-2). Is o(c) a prime number?
False
Suppose 9 - 1 = -4*f. Is (-329)/(-4) + f/8 composite?
True
Let n = -10 - -17. Let k(q) = q - 9. Let y be k(n). Is 1 + (y*1 - -192) composite?
False
Suppose 0*c - 4*c = 0, -2*v + 5*c = -10. Suppose -261 = -v*j + 124. Is j prime?
False
Let o(g) = g**2 + 5*g - 5. Let w be o(-5). Let t = w + 21. Suppose -2*z - 4*p = -t, -z - 3*z + 5*p = -71. Is z a composite number?
True
Let q be (-8)/20 + 352/5. Let v = q - 26. Suppose 0 = 4*j + 4*t - 56, v = j + t - 6*t. Is j a prime number?
True
Is (-1 - 0)*-47*5 composite?
True
Suppose -17 = -5*c + 3. Suppose m + c*j = 209 - 44, -m + 163 = 3*j. Is m prime?
True
Let o(g) = 17*g**2 + 12*g + 15. Is o(10) composite?
True
Suppose 5*x - 1 - 8 = 3*s, -x - 7 = -5*s. Let r(o) = -s + 1 + 0 + 6*o. Is r(10) a prime number?
True
Let t(b) = -b**3 - b**2 - 7*b - 5. Is t(-6) prime?
False
Let o = -34 + 51. Let s(g) = -6*g + 2. Let a be s(-3). Let t = a + o. Is t composite?
False
Is ((-249)/6)/((7/2)/(-7)) a prime number?
True
Suppose -r + 5 = -3*u - 3*r, -3*r + 2 = -5*u. Is 378 - (u + (2 - 2)) a prime number?
True
Is (-30)/75 + (-1 - 962/(-5)) a prime number?
True
Let w(z) = -z**3 + 8*z**2 + 5*z + 1. Let b be w(11). Let i = 83 + b. Let p = 473 + i. Is p composite?
True
Let u(a) = -6 + 1 + 5*a + 1 - 3. Let b be u(-7). Is 5/(-15)*(b - 0) prime?
False
Is (-95108)/(-10) + -4 + 105/25 prime?
True
Let l(k) = 0*k**2 + k**2 + 0*k**2 + 3*k - 5. Let v be l(-5). Suppose 0 = -3*p - v*o + 52, -3*o = -p - 4*o + 18. Is p a prime number?
True
Let w(g) be the first derivative of 14*g**3/3 + g**2/2 + 2*g - 1. Let o be w(2). Let a = -23 + o. Is a a prime number?
True
Is ((-10 + 5)/5)/((-2)/5802) a prime number?
False
Let k(l) = -l**3 + 5*l**2 + 7*l. Let c be k(6). Let f(d) = d**3 + 2*d**2 + 2*d + 1. Is f(c) prime?
False
Suppose 5*r + 2*d = 4, 3*r + 3 = -2*d - d. Suppose -a - r = -2*a. Is a a prime number?
True
Suppose -3*z = -s - 8*z + 90, 5*s + z - 522 = 0. Let q = 24 + s. Is q a composite number?
True
Let s(r) = 339*r - 7. Is s(2) a prime number?
False
Suppose 7*o + 2230 = 9*o. Is o prime?
False
Let l be 48/(-9) + (-2)/3. Let g be (l/4)/((-3)/6). Suppose -71 = 2*u - g*u. Is u a composite number?
False
Let c(v) be the first derivative of -19*v**4/2 + v**2 + v + 20. Let t be (-1 - -1) + (1 - 2). Is c(t) a composite number?
False
Suppose 2513 - 828 = 5*p. Is p a composite number?
False
Suppose g + 3 = 4*g. Let t(o) = -5 + 1 + 3*o + 4 + g. Is t(4) prime?
True
Suppose 3*q - 12 = -q. Suppose -q*j + 2*j = -3. Suppose -j*n - 4*z + 27 = -0*n, -2*z = -2*n + 32. Is n a prime number?
True
Is -19 + 1301 + -3*(-1 + 0) prime?
False
Let a = -10 - -17. Suppose -a*g = -4*g - 561. Is g prime?
False
Let k(v) = 13*v + 4. Let a(s) = 299*s + 91. Let z(h) = -4*a(h) + 91*k(h). Is z(-1) composite?
False
Let a(c) = 12*c**2 - c - 12. Is a(-5) a prime number?
True
Let b be (-2)/(3/(-6) - 0). Suppose -86 = -b*t + 2*a, 4*t + t - 110 = 5*a. Is t composite?
True
Let u(h) be the first derivative of -h**4/4 + 3*h**3 - 3*h**2/2 - 3*h + 4. Is u(8) composite?
False
Suppose 3*f + 2*f - 69 = -g, -81 = -g - 2*f. Is g a prime number?
True
Suppose v = -2 + 6. Suppose 3239 = 5*i - 2*w, -4*i + 2650 = -v*w + 54. Is i a composite number?
False
Suppose -2*v + 3*s = 0, 7*s = 3*v + 2*s. Let h be -1 - -3 - v - -2. Suppose -h*u + 98 = -2*u. Is u a prime number?
False
Suppose q + 10 = 6*q. Suppose q*w + w = 5*f + 42, 0 = 5*f. Is w prime?
False
Let f = -4 - -6. Suppose 0 = -f*g + g + 1. Is g/(-1 + 0) + 58 prime?
False
Let p = -1423 - -2649. Is p a composite number?
True
Let w(m) = 21*m + 4. Let u be w(3). Let r = 126 - u. Is r a composite number?
False
Suppose -3*u = -4*u + 7. Suppose -5*c = -u + 2. Suppose 2*v - 259 = 5*n, -5 = 4*n - c. Is v prime?
True
Suppose -3*b = 2*p + 2*p - 158, -5*b + 86 = 2*p. Is p prime?
False
Suppose 0 = 3*p + p - 16. Suppose 0 = h - p*h + 417. Is h a prime number?
True
Suppose -4*m = -275 + 47. Let a = 5 - -1. Suppose a*s - 3*s - m = 0. Is s prime?
True
Let r(v) = v**2 - 11*v - 9. Let q be r(-7). Let z = q + -46. Is z prime?
True
Suppose -1 + 5 = 2*i. Suppose -i + 4 = 2*m. Suppose -14 = -2*b - 2*s, -m = 3*b + 5*s - 22. Is b a composite number?
False
Suppose 2*u = -6*u + 904. Is u composite?
False
Let t be -2 - (0 - -1) - -1. Is (-3 - 0) + 16 + t a composite number?
False
Suppose -h + 0*h = -74. Is h prime?
False
Let a(o) be the third derivative of -13*o**4/8 + 10*o**3/3 + 3*o**2. Is a(-17) composite?
False
Let o(c) = -53*c - 3. Is o(-2) composite?
False
Suppose 0 = s - 6*s. Suppose x = -s*f + 4*f - 10, 2*f = 3*x. Is x a prime number?
True
Let z = 1113 - -22. Is z prime?
False
Let l = -23 - -54. Is l prime?
True
Let x = -1 + 5. Is x - (-1)/(2/350) prime?
True
Suppose 4*f - 100 = 2*s + 308, -3*s + 6 = 0. Is f prime?
True
Let h(c) = -13*c**3 - 5*c**2 + 3*c + 5. Is h(-4) a composite number?
True
Let f